 + 426 = 0. Calculate the highest common divisor of n and r.
19
Suppose -z - o = -31 + 9, -5*o + 10 = 0. Calculate the greatest common divisor of z and 9930.
10
Let v be -236 - (2 - (8 + 0)). Let b = v - -451. Calculate the highest common divisor of 68 and b.
17
Let t(h) = -307*h + 15352. Let b be t(50). Suppose 2*l + 3*y = 30 + 25, -3*l + 82 = 5*y. Calculate the greatest common divisor of b and l.
1
Suppose -1075*j + 26520 = -1051*j. What is the highest common factor of j and 10?
5
Let w be (-56)/2*19/(-2). Suppose -139 = -3*y + w. Suppose -y = -0*f - f. What is the greatest common divisor of 15 and f?
15
Let d be (356/(-10))/(224/(-560)). Calculate the highest common divisor of 3204 and d.
89
Let t be (12/(48/(-20)))/(-1) - (-151 + 1). What is the greatest common factor of 248 and t?
31
Let w(t) = 85*t**2 + t. Let p be w(1). Suppose k + 4 + 0 = 5, -2*k = -y. Calculate the greatest common factor of p and y.
2
Let f = 32 + 58. Let q be (296/185)/(2/f). Calculate the highest common factor of 54 and q.
18
Suppose 3*o + 5*v - 6*v = 6, -2*o - 3*v + 15 = 0. Suppose 0 = -y - 1, -q + 2*y + o*y + 40 = 0. Let n be 10*3*2/12. What is the highest common factor of n and q?
5
Suppose -49255 + 126043 = 316*l. Let w be (-3)/2*-18*1. Calculate the highest common divisor of w and l.
27
Let d(f) = f + 38. Let w be d(5). Suppose -4*o + 473 = -3*o. Calculate the highest common factor of w and o.
43
Let f be (-36)/((-8)/(-144)*6/(-4)). Let a = f + -418. Let g be (16/(-10))/((-3)/105). Calculate the highest common divisor of a and g.
14
Let m = -36911 - -37181. Let u(j) = j**3 + 9*j**2 + 8*j + 10. Let x be u(-8). Calculate the highest common divisor of x and m.
10
Suppose -3*f = -7*f. Suppose f = h - 8 - 34. Let b be ((-448)/21)/(-8)*(-21)/(-2). What is the highest common divisor of h and b?
14
Let q(c) = -c**2 + 102*c - 461. Let t be q(5). What is the greatest common divisor of 384 and t?
24
Let y be 150 + -74 + ((-4)/(-18) - 172/(-36)). What is the highest common divisor of 5319 and y?
27
Suppose 17*g - 21*g - 44 = 0. Let x(a) = -a**3 - 6*a**2 + 15*a - 10. Let f be x(g). Calculate the highest common divisor of f and 10.
10
Suppose -3*h - 3*l + 22 + 137 = 0, 2*h - 3*l - 106 = 0. Suppose -5*j + h = b, 4*j + 4*b - 47 = -j. What is the greatest common divisor of 33 and j?
11
Let c be (-19 - 450/(-24))*-84. What is the highest common divisor of 3423 and c?
21
Suppose -170815 - 1444175 = -533*t. Calculate the highest common divisor of t and 130.
10
Let j = -263 - -430. What is the highest common factor of j and 167?
167
Let z be 17/(-17)*15 + 67. Calculate the greatest common factor of z and 14066.
26
Suppose 4*u = -5*h + 2051, 0 = 2*u + 13 - 11. Let l = h - 337. What is the highest common factor of l and 296?
74
Suppose 5*u = -4*r + 1, -4*r + 7 = 3*u - 0. Suppose -2*n - 74 = -5*l - 3*n, 5*l - 71 = -r*n. What is the greatest common divisor of l and 285?
15
Let j(f) = 2*f**3 - 13*f**2 - 3*f - 10. Let w be j(7). Let q(p) = 7*p - 61. Let d be q(w). Calculate the highest common factor of d and 26.
13
Let n be (3*-1)/(1/(-5)). Let b(v) = v**2 - 13*v - 32. Let a be b(n). Let g be ((-210)/25)/(a/5). What is the greatest common divisor of g and 21?
21
Let u(w) = -w**3 + w**2 + 13. Let j be u(0). Suppose -j*v = -11*v - 104. What is the highest common divisor of 676 and v?
52
Suppose 2*c + 12 - 20 = 2*d, -2*c + 3 = -3*d. Let h be (-1 + 0)/((-4)/140). What is the greatest common factor of h and d?
5
Let m = 95 - -26. Let f = m - 103. What is the highest common factor of f and 81?
9
Suppose 3*j + 4*f = 160, 5*j - 276 = -f - f. Let b be (84/(-16))/((-84)/(-56)) - (-567)/2. What is the highest common divisor of j and b?
56
Let o = 57 - 40. Let i be (o/5)/(15/825). Let p = 374 - i. Calculate the greatest common factor of p and 17.
17
Let l be (-17)/6 + 2/(-12) + 10. Suppose 0 = -g + 5, d - 42 = -l*g + 5*g. Suppose b + 8 = 40. Calculate the greatest common factor of b and d.
32
Let m be (38 - 7520/200)/(6/7455). Suppose -4*d = -642 - 494. What is the highest common divisor of d and m?
71
Suppose 17*r - 2190 = -1119. Let h be 104 - 3/((-6)/2). What is the greatest common factor of r and h?
21
Suppose 8*d = 4*d + 60. Let i = -317 - -290. Let f be (-6)/(-4)*((-900)/i)/5. Calculate the greatest common factor of f and d.
5
Let k be (8/(-16))/(1/(-2)). Suppose 2*i = i + k. Let b be ((-126)/(-56))/(2*i/56). Calculate the greatest common divisor of b and 9.
9
Let a = 7803 - 7799. Let f be 12*(-2)/6*-19. Calculate the greatest common factor of f and a.
4
Suppose j = -2*a + 58, 3210*j = 3207*j + 5*a + 86. Calculate the greatest common factor of j and 3227.
7
Suppose 2*r = 4*l + 30080, -17*r + 4*l + 146262 = -109268. Calculate the greatest common divisor of 10 and r.
10
Suppose 0 = 3*c + 2*c - 255. Let d(n) = -897*n + 1152. Let r be d(1). What is the greatest common factor of r and c?
51
Let w be (-32 - 20)/13*785/(-4). Calculate the greatest common divisor of 2041 and w.
157
Let g(f) = -152*f**3 - 5*f - 22. Let j be g(-2). Calculate the highest common divisor of 4 and j.
4
Suppose 40 = 505*j - 503*j - 4*q, 35 = j + q. What is the greatest common factor of j and 2055?
15
Suppose -6*o + 8831 + 859 = 79*o. What is the greatest common factor of o and 5282?
38
Suppose 115*w - 185004 = 79*w. Calculate the highest common divisor of w and 9.
9
Let p = -24 + 27. Suppose -t + s + 20 = 0, -p*t + 78 = t - 3*s. Suppose 0 = -2*x + 5*x - t. What is the greatest common divisor of 3 and x?
3
Suppose 7 = z + 2*z + m, 14 = 4*z - m. Let i(l) = 8*l**2 + 5*l - 27. Let n be i(z). Calculate the highest common divisor of 380 and n.
20
Let o = -256 - -256. Suppose -z + 0*z + 16 = o. What is the greatest common divisor of 152 and z?
8
Let b = -252 + 198. Let f be b/81 - 40/(-18)*3. Let q = -61 + 115. Calculate the highest common divisor of f and q.
6
Let z(k) = 36*k + 35*k + 35 - 57*k. Let r be z(8). What is the highest common factor of r and 21?
21
Suppose -6*n - 8*n + 14 = 0. Let r be 21 + n/(-6)*0. Calculate the greatest common factor of r and 105.
21
Let w = 2799 + -2725. What is the highest common factor of 1147 and w?
37
Suppose -40 = -5*k + 85. Let o be -25*(-13 + (4 - -2)). What is the highest common divisor of o and k?
25
Suppose -k - 195 = -2*z, -z + 5*z = -k + 381. Let q be 1761/(-27) - (-10)/45. Let g = q - -77. What is the greatest common factor of g and z?
12
Let q be 2/7 + (3560/(-35))/(-8). Let d = 12 + -24. Let t be (-26)/8*1*d. What is the highest common factor of q and t?
13
Suppose -8*d + 17999 = -d + 13029. Suppose -4*n - 5*w + 30 = 0, 3*n + w = 4*w + 36. What is the greatest common divisor of n and d?
10
Let g = -90 - -87. Let d be (7 + -92 + g)*6/(-4). Let x be 1/(-2*(-6)/d). Calculate the greatest common divisor of 165 and x.
11
Let a be (-12)/(-16)*(-19 + -1). Let y = a - -18. Suppose c - 3*c = 4*o - 28, 2*o = -y*c + 26. Calculate the greatest common divisor of 21 and c.
3
Let r = -530 - -542. Suppose 10 = 2*h, 0 = 3*g - r*h + 10*h - 26. What is the highest common factor of g and 3?
3
Let g = -172 + 262. Suppose 3*s - b - 2*b = g, 4*s = 5*b + 124. What is the greatest common factor of s and 4?
2
Let r be (-74)/740 - 47951/(-10). Calculate the greatest common divisor of 274 and r.
137
Let q = 1673 + -1645. Suppose 172 = -0*w - 4*w. Let z = -29 - w. What is the greatest common factor of q and z?
14
Suppose -25*n + 30*n = 850. Let l = 247 - 237. Calculate the greatest common divisor of n and l.
10
Suppose -13*d = -2*d - 88. Let r(j) = 2*j**2 + 5*j + 18. Let t be r(d). Calculate the greatest common factor of t and 12.
6
Let y(b) = -20*b + 115. Let k be y(13). Let c = 165 + k. Suppose 4*g - 144 + 24 = 0. What is the highest common factor of c and g?
10
Let f be 35/2 + 2/4. Let v = 77786 - 77705. What is the greatest common factor of f and v?
9
Suppose 3*z - 44 = 4. Suppose 9*i - 106 = -16. Calculate the greatest common factor of z and i.
2
Let m = -330 + 367. Let d = m + 19. What is the greatest common divisor of 49 and d?
7
Suppose -4*x + 174 = 4*s + 162, 4*x - 111 = 5*s. Let a(p) = -3*p - 4. Let o be a(-6). What is the greatest common factor of x and o?
14
Suppose -25 = -5*l, 0 = p - 2*l + 363 + 72. Let v = -128 - p. What is the highest common divisor of v and 27?
27
Suppose -46*x = -237224 - 5